{"id":32,"date":"2015-11-03T12:32:54","date_gmt":"2015-11-03T11:32:54","guid":{"rendered":"http:\/\/178.32.100.142\/wordpress\/?page_id=32"},"modified":"2016-04-18T15:25:49","modified_gmt":"2016-04-18T13:25:49","slug":"ecoles","status":"publish","type":"page","link":"https:\/\/www.viviersleslavaur.fr\/?page_id=32","title":{"rendered":"Ecoles"},"content":{"rendered":"<p>L&rsquo;\u00e9cole de Viviers l\u00e8s Lavaur fait partie du SIRP (Syndicat Intercommunal de Regroupement P\u00e9dagogique) de Lacougotte-Cadoul, Veilhes et Viviers l\u00e8s Lavaur. Le SIRP a pour objectif d&rsquo;organiser le fonctionnement des \u00e9coles (garderies, repas du midi, NAP, etc&#8230;).<\/p>\n<p>Les parents d&rsquo;\u00e9l\u00e8ves scolaris\u00e9s au sein du SIRP peuvent retrouver des informations (factures, alertes intemp\u00e9ries, etc&#8230;) sur le site <a href=\"http:\/\/sirp.fr\">sirp.fr<\/a>.<\/p>\n<p>Vous pouvez consulter les repas servis dans les \u00e9coles de Viviers l\u00e8s Lavaur, Veilhes et Lacougotte-Cadoul en vous rendant \u00e0 cette adresse : <a href=\"http:\/\/recape.fr\/restaurateur-pour-collectivites\/menus\/26-primaire-et-maternelle.html\">http:\/\/recape.fr\/restaurateur-pour-collectivites\/menus\/26-primaire-et-maternelle.html<\/a><\/p>\n<p>&nbsp;<\/p>\n","protected":false},"excerpt":{"rendered":"<p>L&rsquo;\u00e9cole de Viviers l\u00e8s Lavaur fait partie du SIRP (Syndicat Intercommunal de Regroupement P\u00e9dagogique) de Lacougotte-Cadoul, Veilhes et Viviers l\u00e8s Lavaur. Le SIRP a pour objectif d&rsquo;organiser le fonctionnement des \u00e9coles (garderies, repas du midi, NAP, etc&#8230;). Les parents d&rsquo;\u00e9l\u00e8ves scolaris\u00e9s au sein du SIRP peuvent retrouver des informations (factures, alertes intemp\u00e9ries, etc&#8230;) sur le site sirp.fr. Vous pouvez consulter les repas servis dans les \u00e9coles de Viviers l\u00e8s Lavaur, Veilhes et Lacougotte-Cadoul en vous rendant \u00e0 cette adresse : http:\/\/recape.fr\/restaurateur-pour-collectivites\/menus\/26-primaire-et-maternelle.html &nbsp;<\/p>\n<a class=\"more-link\" rel=\"nofollow\" href=\"https:\/\/www.viviersleslavaur.fr\/?page_id=32\">[Lire plus...]<\/a>","protected":false},"author":1,"featured_media":0,"parent":0,"menu_order":0,"comment_status":"closed","ping_status":"closed","template":"","meta":{"footnotes":""},"class_list":["post-32","page","type-page","status-publish","hentry"],"_links":{"self":[{"href":"https:\/\/www.viviersleslavaur.fr\/index.php?rest_route=\/wp\/v2\/pages\/32","targetHints":{"allow":["GET"]}}],"collection":[{"href":"https:\/\/www.viviersleslavaur.fr\/index.php?rest_route=\/wp\/v2\/pages"}],"about":[{"href":"https:\/\/www.viviersleslavaur.fr\/index.php?rest_route=\/wp\/v2\/types\/page"}],"author":[{"embeddable":true,"href":"https:\/\/www.viviersleslavaur.fr\/index.php?rest_route=\/wp\/v2\/users\/1"}],"replies":[{"embeddable":true,"href":"https:\/\/www.viviersleslavaur.fr\/index.php?rest_route=%2Fwp%2Fv2%2Fcomments&post=32"}],"version-history":[{"count":4,"href":"https:\/\/www.viviersleslavaur.fr\/index.php?rest_route=\/wp\/v2\/pages\/32\/revisions"}],"predecessor-version":[{"id":119,"href":"https:\/\/www.viviersleslavaur.fr\/index.php?rest_route=\/wp\/v2\/pages\/32\/revisions\/119"}],"wp:attachment":[{"href":"https:\/\/www.viviersleslavaur.fr\/index.php?rest_route=%2Fwp%2Fv2%2Fmedia&parent=32"}],"curies":[{"name":"wp","href":"https:\/\/api.w.org\/{rel}","templated":true}]}}