{"id":12,"date":"2015-10-22T15:41:43","date_gmt":"2015-10-22T13:41:43","guid":{"rendered":"http:\/\/178.32.100.142\/wordpress\/?page_id=12"},"modified":"2016-04-18T00:07:31","modified_gmt":"2016-04-17T22:07:31","slug":"associations","status":"publish","type":"page","link":"https:\/\/www.viviersleslavaur.fr\/?page_id=12","title":{"rendered":"Associations"},"content":{"rendered":"<p><strong>Liste des associations<\/strong><\/p>\n<p><strong>AVAL<\/strong><\/p>\n<p>L&rsquo;association Vivi\u00e9roise d&rsquo;Animations et de Loisirs organise depuis plus de 20 ans ses activit\u00e9s au sein de la commune. Parmi, les animations importantes figurent des soir\u00e9es repas, des soir\u00e9es spectacles musique ou th\u00e9\u00e2tres, le no\u00ebl des enfants avec la visite du P\u00e8re No\u00ebl, etc&#8230;<\/p>\n<hr \/>\n<p><strong>ASSOCIATION GYMNASTIQUE VOLONTAIRE<\/strong><\/p>\n<hr \/>\n<p><strong>ASSOCIATION DE CHASSE<\/strong><\/p>\n<hr \/>\n<p><strong>ASSOCIATION VIVIERS FIBRE<\/strong><\/p>\n<p>L&rsquo;association Viviers Fibre a pour objectif de combler la carence de fourniture d&rsquo;acc\u00e8s \u00e0 tr\u00e8s haut d\u00e9bit sur la commune et ses environs. Pour cela, elle d\u00e9ploie son propre r\u00e9seau en fibre optique et en radio.<\/p>\n<p><a href=\"http:\/\/viviers-fibre.net\/projects\/projet-viviers-fibre\" target=\"_blank\">viviers-fibre.net<\/a><\/p>\n<p><a href=\"https:\/\/twitter.com\/viviersfibre\">https:\/\/twitter.com\/viviersfibre<\/a><\/p>\n","protected":false},"excerpt":{"rendered":"<p>Liste des associations AVAL L&rsquo;association Vivi\u00e9roise d&rsquo;Animations et de Loisirs organise depuis plus de 20 ans ses activit\u00e9s au sein de la commune. Parmi, les animations importantes figurent des soir\u00e9es repas, des soir\u00e9es spectacles musique ou th\u00e9\u00e2tres, le no\u00ebl des enfants avec la visite du P\u00e8re No\u00ebl, etc&#8230; ASSOCIATION GYMNASTIQUE VOLONTAIRE ASSOCIATION DE CHASSE ASSOCIATION VIVIERS FIBRE L&rsquo;association Viviers Fibre a pour objectif de combler la carence de fourniture d&rsquo;acc\u00e8s \u00e0 tr\u00e8s haut d\u00e9bit sur la commune et ses environs. Pour cela, elle d\u00e9ploie son propre r\u00e9seau en fibre optique et en radio. viviers-fibre.net https:\/\/twitter.com\/viviersfibre<\/p>\n<a class=\"more-link\" rel=\"nofollow\" href=\"https:\/\/www.viviersleslavaur.fr\/?page_id=12\">[Lire plus...]<\/a>","protected":false},"author":1,"featured_media":0,"parent":0,"menu_order":0,"comment_status":"closed","ping_status":"closed","template":"","meta":{"footnotes":""},"class_list":["post-12","page","type-page","status-publish","hentry"],"_links":{"self":[{"href":"https:\/\/www.viviersleslavaur.fr\/index.php?rest_route=\/wp\/v2\/pages\/12","targetHints":{"allow":["GET"]}}],"collection":[{"href":"https:\/\/www.viviersleslavaur.fr\/index.php?rest_route=\/wp\/v2\/pages"}],"about":[{"href":"https:\/\/www.viviersleslavaur.fr\/index.php?rest_route=\/wp\/v2\/types\/page"}],"author":[{"embeddable":true,"href":"https:\/\/www.viviersleslavaur.fr\/index.php?rest_route=\/wp\/v2\/users\/1"}],"replies":[{"embeddable":true,"href":"https:\/\/www.viviersleslavaur.fr\/index.php?rest_route=%2Fwp%2Fv2%2Fcomments&post=12"}],"version-history":[{"count":8,"href":"https:\/\/www.viviersleslavaur.fr\/index.php?rest_route=\/wp\/v2\/pages\/12\/revisions"}],"predecessor-version":[{"id":117,"href":"https:\/\/www.viviersleslavaur.fr\/index.php?rest_route=\/wp\/v2\/pages\/12\/revisions\/117"}],"wp:attachment":[{"href":"https:\/\/www.viviersleslavaur.fr\/index.php?rest_route=%2Fwp%2Fv2%2Fmedia&parent=12"}],"curies":[{"name":"wp","href":"https:\/\/api.w.org\/{rel}","templated":true}]}}

<p><strong>Liste des associations</strong></p>
<p><strong>AVAL</strong></p>
<p>L&rsquo;association Viviéroise d&rsquo;Animations et de Loisirs organise depuis plus de 20 ans ses activités au sein de la commune. Parmi, les animations importantes figurent des soirées repas, des soirées spectacles musique ou théâtres, le noël des enfants avec la visite du Père Noël, etc&#8230;</p>
<hr />
<p><strong>ASSOCIATION GYMNASTIQUE VOLONTAIRE</strong></p>
<hr />
<p><strong>ASSOCIATION DE CHASSE</strong></p>
<hr />
<p><strong>ASSOCIATION VIVIERS FIBRE</strong></p>
<p>L&rsquo;association Viviers Fibre a pour objectif de combler la carence de fourniture d&rsquo;accès à très haut débit sur la commune et ses environs. Pour cela, elle déploie son propre réseau en fibre optique et en radio.</p>
<p><a href="http://viviers-fibre.net/projects/projet-viviers-fibre" target="_blank">viviers-fibre.net</a></p>
<p><a href="https://twitter.com/viviersfibre">https://twitter.com/viviersfibre</a></p>

<p>Liste des associations AVAL L&rsquo;association Viviéroise d&rsquo;Animations et de Loisirs organise depuis plus de 20 ans ses activités au sein de la commune. Parmi, les animations importantes figurent des soirées repas, des soirées spectacles musique ou théâtres, le noël des enfants avec la visite du Père Noël, etc&#8230; ASSOCIATION GYMNASTIQUE VOLONTAIRE ASSOCIATION DE CHASSE ASSOCIATION VIVIERS FIBRE L&rsquo;association Viviers Fibre a pour objectif de combler la carence de fourniture d&rsquo;accès à très haut débit sur la commune et ses environs. Pour cela, elle déploie son propre réseau en fibre optique et en radio. viviers-fibre.net https://twitter.com/viviersfibre</p>
<a class="more-link" rel="nofollow" href="https://www.viviersleslavaur.fr/?page_id=12">[Lire plus...]</a>
